{"id":1809,"date":"2023-01-18T12:41:11","date_gmt":"2023-01-18T11:41:11","guid":{"rendered":"https:\/\/switzerland.wordcamp.org\/2023\/?page_id=1809"},"modified":"2023-03-30T12:03:25","modified_gmt":"2023-03-30T10:03:25","slug":"billetterie","status":"publish","type":"page","link":"https:\/\/switzerland.wordcamp.org\/2023\/fr\/billetterie\/","title":{"rendered":"Billetterie"},"content":{"rendered":"\n<div class=\"wp-block-group has-small-font-size is-content-justification-left is-nowrap is-layout-flex wp-container-core-group-is-layout-fc9f69e7 wp-block-group-is-layout-flex\">\n<p><a href=\"https:\/\/switzerland.wordcamp.org\/2023\/tickets\/\" data-type=\"page\" data-id=\"13\">In English<\/a><\/p>\n\n\n\n<p><a href=\"https:\/\/switzerland.wordcamp.org\/2023\/de\/ticketverkauf\/\" data-type=\"page\" data-id=\"1823\">Auf Deutsch<\/a><\/p>\n<\/div>\n\n\n\n<div class=\"wp-block-columns alignwide is-layout-flex wp-container-core-columns-is-layout-28f84493 wp-block-columns-is-layout-flex\">\n<div class=\"wp-block-column is-layout-flow wp-block-column-is-layout-flow\" style=\"flex-basis:66.66%\">\n<p>Ach\u00e8te ton billet pour le WordCamp Switzerland 2023 <strong>maintenant<\/strong> !<\/p>\n\n\n\n<p>Le <strong>mercredi 22 mars 2023<\/strong> est le dernier jour pour acheter un billet.<\/p>\n\n\n\n<p>Le pr\u00e9nom et le nom seront communiqu\u00e9s au Centre Loewenberg pour des raisons de s\u00e9curit\u00e9, par exemple en cas d&#8217;incendie.<\/p>\n\n\n\n<p>Ton billet pour le WordCamp couvre les conf\u00e9rences dans les deux salles (en fran\u00e7ais, allemand et anglais) le samedi 1er avril 2023. <\/p>\n\n\n\n<p><strong>Inscris-toi s\u00e9par\u00e9ment<\/strong> pour la <a href=\"https:\/\/switzerland.wordcamp.org\/2023\/fr\/journee-de-contribution\/\" data-type=\"page\" data-id=\"1314\">journ\u00e9e de contribution<\/a>.<\/p>\n\n\n\n<p>Le prix comprend l&#8217;acc\u00e8s \u00e0 toutes les sessions, le d\u00e9jeuner, les pauses caf\u00e9 et l&#8217;<strong>after party<\/strong>. Il comprend \u00e9galement un <strong>T-shirt<\/strong> (au cas o\u00f9 tu en voudrais un), des autocollants et d&#8217;autres articles promotionnels. D\u00e8s le 27 f\u00e9vrier, le T-shirt n&#8217;est plus garanti.<\/p>\n\n\n\n<p>Les orateur.trice.s, les sponsors et les b\u00e9n\u00e9voles recevront un coupon pour un billet gratuit.<\/p>\n\n\n\n<p>Le processus d&#8217;achat des billets se fait en anglais.<\/p>\n\n\n\n<div class=\"wp-block-buttons is-layout-flex wp-block-buttons-is-layout-flex\">\n<div class=\"wp-block-button\"><a class=\"wp-block-button__link wp-element-button\" href=\"https:\/\/switzerland.wordcamp.org\/2023\/tickets\/\">Acheter un billet<\/a><\/div>\n<\/div>\n\n\n\n<p class=\"has-vivid-red-color has-text-color\"><strong>Mise \u00e0 jour 22 mars : la billetterie est maintenant ferm\u00e9e, tu peux <a href=\"https:\/\/switzerland.wordcamp.org\/2023\/fr\/contact\/\" data-type=\"page\" data-id=\"661\">nous contacter<\/a> en cas de besoin ou pour demander une modification de ton billet.<\/strong><\/p>\n\n\n\n<p class=\"has-vivid-red-color has-text-color\"><strong>Mise \u00e0 jour 24 mars : le Centre Loewenberg vient d&#8217;accepter d&#8217;ajouter environ 10 billets, mais nous ne pouvons pas prendre en compte la r\u00e9servation de chambres d&#8217;h\u00f4tel, merci de sp\u00e9cifier &#8220;No&#8221; dans ce champ.<\/strong><\/p>\n\n\n\n<p class=\"has-vivid-red-color has-text-color\"><strong>Mise \u00e0 jour 29 mars : il n&#8217;y a plus de billets.<\/strong><\/p>\n<\/div>\n\n\n\n<div class=\"wp-block-column is-layout-flow wp-block-column-is-layout-flow\" style=\"flex-basis:33.33%\">\n<figure class=\"wp-block-image size-large\"><img loading=\"lazy\" decoding=\"async\" width=\"1024\" height=\"683\" src=\"https:\/\/switzerland.wordcamp.org\/2023\/files\/2022\/09\/Centre-Loewenberg-1024x683.jpg\" alt=\"Centre Loewenberg\" class=\"wp-image-293\" srcset=\"https:\/\/switzerland.wordcamp.org\/2023\/files\/2022\/09\/Centre-Loewenberg-1024x683.jpg 1024w, https:\/\/switzerland.wordcamp.org\/2023\/files\/2022\/09\/Centre-Loewenberg-300x200.jpg 300w, https:\/\/switzerland.wordcamp.org\/2023\/files\/2022\/09\/Centre-Loewenberg-768x512.jpg 768w, https:\/\/switzerland.wordcamp.org\/2023\/files\/2022\/09\/Centre-Loewenberg-450x300.jpg 450w, https:\/\/switzerland.wordcamp.org\/2023\/files\/2022\/09\/Centre-Loewenberg-1536x1024.jpg 1536w, https:\/\/switzerland.wordcamp.org\/2023\/files\/2022\/09\/Centre-Loewenberg-2048x1365.jpg 2048w\" sizes=\"auto, (max-width: 1024px) 100vw, 1024px\" \/><\/figure>\n\n\n\n<figure class=\"wp-block-image size-large\"><img loading=\"lazy\" decoding=\"async\" width=\"1024\" height=\"681\" src=\"https:\/\/switzerland.wordcamp.org\/2023\/files\/2023\/01\/WCZRH19-7img-9913-1024x681.jpg\" alt=\"\" class=\"wp-image-2071\" srcset=\"https:\/\/switzerland.wordcamp.org\/2023\/files\/2023\/01\/WCZRH19-7img-9913-1024x681.jpg 1024w, https:\/\/switzerland.wordcamp.org\/2023\/files\/2023\/01\/WCZRH19-7img-9913-300x200.jpg 300w, https:\/\/switzerland.wordcamp.org\/2023\/files\/2023\/01\/WCZRH19-7img-9913-420x279.jpg 420w, https:\/\/switzerland.wordcamp.org\/2023\/files\/2023\/01\/WCZRH19-7img-9913-768x511.jpg 768w, https:\/\/switzerland.wordcamp.org\/2023\/files\/2023\/01\/WCZRH19-7img-9913-451x300.jpg 451w, https:\/\/switzerland.wordcamp.org\/2023\/files\/2023\/01\/WCZRH19-7img-9913-1536x1022.jpg 1536w, https:\/\/switzerland.wordcamp.org\/2023\/files\/2023\/01\/WCZRH19-7img-9913.jpg 1772w\" sizes=\"auto, (max-width: 1024px) 100vw, 1024px\" \/><\/figure>\n<\/div>\n<\/div>\n","protected":false},"excerpt":{"rendered":"<p>In English Auf Deutsch Ach\u00e8te ton billet pour le WordCamp Switzerland 2023 maintenant ! Le mercredi 22 mars 2023 est le dernier jour pour acheter un billet. Le pr\u00e9nom et le nom seront communiqu\u00e9s au Centre Loewenberg pour des raisons de s\u00e9curit\u00e9, par exemple en cas d&#8217;incendie. Ton billet pour le WordCamp couvre les conf\u00e9rences [&hellip;]<\/p>\n","protected":false},"author":7586875,"featured_media":154,"parent":267,"menu_order":0,"comment_status":"closed","ping_status":"closed","template":"wp-custom-template-french-page","meta":{"jetpack_post_was_ever_published":false,"footnotes":""},"class_list":["post-1809","page","type-page","status-publish","has-post-thumbnail","hentry"],"jetpack_sharing_enabled":true,"_links":{"self":[{"href":"https:\/\/switzerland.wordcamp.org\/2023\/wp-json\/wp\/v2\/pages\/1809","targetHints":{"allow":["GET"]}}],"collection":[{"href":"https:\/\/switzerland.wordcamp.org\/2023\/wp-json\/wp\/v2\/pages"}],"about":[{"href":"https:\/\/switzerland.wordcamp.org\/2023\/wp-json\/wp\/v2\/types\/page"}],"author":[{"embeddable":true,"href":"https:\/\/switzerland.wordcamp.org\/2023\/wp-json\/wp\/v2\/users\/7586875"}],"replies":[{"embeddable":true,"href":"https:\/\/switzerland.wordcamp.org\/2023\/wp-json\/wp\/v2\/comments?post=1809"}],"version-history":[{"count":19,"href":"https:\/\/switzerland.wordcamp.org\/2023\/wp-json\/wp\/v2\/pages\/1809\/revisions"}],"predecessor-version":[{"id":4437,"href":"https:\/\/switzerland.wordcamp.org\/2023\/wp-json\/wp\/v2\/pages\/1809\/revisions\/4437"}],"up":[{"embeddable":true,"href":"https:\/\/switzerland.wordcamp.org\/2023\/wp-json\/wp\/v2\/pages\/267"}],"wp:featuredmedia":[{"embeddable":true,"href":"https:\/\/switzerland.wordcamp.org\/2023\/wp-json\/wp\/v2\/media\/154"}],"wp:attachment":[{"href":"https:\/\/switzerland.wordcamp.org\/2023\/wp-json\/wp\/v2\/media?parent=1809"}],"curies":[{"name":"wp","href":"https:\/\/api.w.org\/{rel}","templated":true}]}}