{"id":3553,"date":"2023-02-20T21:33:50","date_gmt":"2023-02-20T20:33:50","guid":{"rendered":"https:\/\/switzerland.wordcamp.org\/2023\/?page_id=3553"},"modified":"2023-02-24T00:21:50","modified_gmt":"2023-02-23T23:21:50","slug":"programme-publie","status":"publish","type":"page","link":"https:\/\/switzerland.wordcamp.org\/2023\/fr\/programme-publie\/","title":{"rendered":"Programme publi\u00e9"},"content":{"rendered":"\n<div class=\"wp-block-group has-small-font-size is-content-justification-left is-nowrap is-layout-flex wp-container-core-group-is-layout-fc9f69e7 wp-block-group-is-layout-flex\">\n<p><a href=\"https:\/\/switzerland.wordcamp.org\/2023\/de\/agenda-veroffentlicht\/\" data-type=\"URL\" data-id=\"https:\/\/switzerland.wordcamp.org\/2023\/de\/agenda\/\">Auf Deutsch<\/a><\/p>\n\n\n\n<p><a href=\"https:\/\/switzerland.wordcamp.org\/2023\/schedule-published\/\" data-type=\"page\" data-id=\"7\">In English<\/a><\/p>\n<\/div>\n\n\n\n<div class=\"wp-block-columns alignwide is-layout-flex wp-container-core-columns-is-layout-28f84493 wp-block-columns-is-layout-flex\">\n<div class=\"wp-block-column is-layout-flow wp-block-column-is-layout-flow\" style=\"flex-basis:66.66%\">\n<p>Nous sommes ravis de vous annoncer le programme officiel de cette \u00e9dition du WordCamp Suisse.<\/p>\n\n\n\n<p>Nous avons re\u00e7u plus de 38 propositions de 32 personnes diff\u00e9rentes, nous avons donc d\u00fb faire des choix en nous concentrant sur la meilleure exp\u00e9rience possible pour les participants.<\/p>\n\n\n\n<p>Voici comment nous, l&#8217;\u00e9quipe organisatrice, avons fait la s\u00e9lection des conf\u00e9rences pour que ce soit le d\u00e9mocratique et \u00e9gale possible :<\/p>\n\n\n\n<ul class=\"wp-block-list\">\n<li>Les soumissions ont \u00e9t\u00e9 anonymis\u00e9es pour permettre de voter pour les meilleures en se basant uniquement sur les titres et les descriptions fournis. Chaque organisateur disposait d&#8217;autant de votes que de cr\u00e9neaux de session.<\/li>\n\n\n\n<li>En classant les propositions par ordre de vote, l&#8217;\u00e9quipe a d\u00e9couvert tous les d\u00e9tails des propositions, tels que les noms, les langues et le genre. Cela a permis la s\u00e9lection des propositions en fonction de plusieurs crit\u00e8res :\n<ul class=\"wp-block-list\">\n<li>Nous voulions de la diversit\u00e9 dans le type de sujet, pas trop de conf\u00e9rences de d\u00e9veloppement ou SEO.<\/li>\n\n\n\n<li>Nous devions avoir un bon ratio entre les langues, mais surtout pr\u00e9server l&#8217;anglais car c&#8217;est la langue la plus universelle.<\/li>\n\n\n\n<li>Il n&#8217;y avait pas besoin de favoriser le ratio de genre, les choses se sont faites d&#8217;elles-m\u00eames.<\/li>\n<\/ul>\n<\/li>\n\n\n\n<li>Puis nous avons d\u00e9battu et valid\u00e9 l&#8217;ensemble du programme<\/li>\n<\/ul>\n\n\n\n<p>A noter que nous n&#8217;avons pas eu assez de propositions d&#8217;ateliers pour avoir un track d\u00e9di\u00e9 comme nous l&#8217;avions initialement pr\u00e9vu.<\/p>\n\n\n\n<p>Jetez un coup d&#8217;\u0153il \u00e0 notre magnifique programme : <a href=\"https:\/\/switzerland.wordcamp.org\/2023\/fr\/programme\" data-type=\"URL\" data-id=\"https:\/\/switzerland.wordcamp.org\/2023\/fr\/programme\">https:\/\/switzerland.wordcamp.org\/2023\/fr\/programme<\/a><\/p>\n\n\n\n<p>Maintenant, vous n&#8217;avez plus d&#8217;excuses pour ne pas obtenir votre billet et vous joindre \u00e0 la f\u00eate !<\/p>\n<\/div>\n\n\n\n<div class=\"wp-block-column is-layout-flow wp-block-column-is-layout-flow\" style=\"flex-basis:33.33%\"><figure class=\"wp-block-post-featured-image\"><img loading=\"lazy\" decoding=\"async\" width=\"1600\" height=\"950\" src=\"https:\/\/switzerland.wordcamp.org\/2023\/files\/2023\/02\/WCZRH-Mark.jpg\" class=\"attachment-post-thumbnail size-post-thumbnail wp-post-image\" alt=\"\" style=\"object-fit:cover;\" srcset=\"https:\/\/switzerland.wordcamp.org\/2023\/files\/2023\/02\/WCZRH-Mark.jpg 1600w, https:\/\/switzerland.wordcamp.org\/2023\/files\/2023\/02\/WCZRH-Mark-300x178.jpg 300w, https:\/\/switzerland.wordcamp.org\/2023\/files\/2023\/02\/WCZRH-Mark-1024x608.jpg 1024w, https:\/\/switzerland.wordcamp.org\/2023\/files\/2023\/02\/WCZRH-Mark-420x249.jpg 420w, https:\/\/switzerland.wordcamp.org\/2023\/files\/2023\/02\/WCZRH-Mark-768x456.jpg 768w, https:\/\/switzerland.wordcamp.org\/2023\/files\/2023\/02\/WCZRH-Mark-500x297.jpg 500w, https:\/\/switzerland.wordcamp.org\/2023\/files\/2023\/02\/WCZRH-Mark-1536x912.jpg 1536w\" sizes=\"auto, (max-width: 1600px) 100vw, 1600px\" \/><\/figure>\n\n\n<figure class=\"wp-block-image size-large\"><img loading=\"lazy\" decoding=\"async\" width=\"1024\" height=\"576\" src=\"https:\/\/switzerland.wordcamp.org\/2023\/files\/2022\/11\/wordcamp-schweiz-1024x576.jpg\" alt=\"WordCamp Zurich in 2019\" class=\"wp-image-995\" srcset=\"https:\/\/switzerland.wordcamp.org\/2023\/files\/2022\/11\/wordcamp-schweiz-1024x576.jpg 1024w, https:\/\/switzerland.wordcamp.org\/2023\/files\/2022\/11\/wordcamp-schweiz-300x169.jpg 300w, https:\/\/switzerland.wordcamp.org\/2023\/files\/2022\/11\/wordcamp-schweiz-768x432.jpg 768w, https:\/\/switzerland.wordcamp.org\/2023\/files\/2022\/11\/wordcamp-schweiz-500x281.jpg 500w, https:\/\/switzerland.wordcamp.org\/2023\/files\/2022\/11\/wordcamp-schweiz-1536x864.jpg 1536w, https:\/\/switzerland.wordcamp.org\/2023\/files\/2022\/11\/wordcamp-schweiz-2048x1152.jpg 2048w\" sizes=\"auto, (max-width: 1024px) 100vw, 1024px\" \/><\/figure>\n<\/div>\n<\/div>\n","protected":false},"excerpt":{"rendered":"<p>Auf Deutsch In English Nous sommes ravis de vous annoncer le programme officiel de cette \u00e9dition du WordCamp Suisse. Nous avons re\u00e7u plus de 38 propositions de 32 personnes diff\u00e9rentes, nous avons donc d\u00fb faire des choix en nous concentrant sur la meilleure exp\u00e9rience possible pour les participants. Voici comment nous, l&#8217;\u00e9quipe organisatrice, avons fait [&hellip;]<\/p>\n","protected":false},"author":14749094,"featured_media":3745,"parent":267,"menu_order":0,"comment_status":"closed","ping_status":"closed","template":"wp-custom-template-french-page","meta":{"jetpack_post_was_ever_published":false,"footnotes":""},"class_list":["post-3553","page","type-page","status-publish","has-post-thumbnail","hentry"],"jetpack_sharing_enabled":true,"_links":{"self":[{"href":"https:\/\/switzerland.wordcamp.org\/2023\/wp-json\/wp\/v2\/pages\/3553","targetHints":{"allow":["GET"]}}],"collection":[{"href":"https:\/\/switzerland.wordcamp.org\/2023\/wp-json\/wp\/v2\/pages"}],"about":[{"href":"https:\/\/switzerland.wordcamp.org\/2023\/wp-json\/wp\/v2\/types\/page"}],"author":[{"embeddable":true,"href":"https:\/\/switzerland.wordcamp.org\/2023\/wp-json\/wp\/v2\/users\/14749094"}],"replies":[{"embeddable":true,"href":"https:\/\/switzerland.wordcamp.org\/2023\/wp-json\/wp\/v2\/comments?post=3553"}],"version-history":[{"count":4,"href":"https:\/\/switzerland.wordcamp.org\/2023\/wp-json\/wp\/v2\/pages\/3553\/revisions"}],"predecessor-version":[{"id":3850,"href":"https:\/\/switzerland.wordcamp.org\/2023\/wp-json\/wp\/v2\/pages\/3553\/revisions\/3850"}],"up":[{"embeddable":true,"href":"https:\/\/switzerland.wordcamp.org\/2023\/wp-json\/wp\/v2\/pages\/267"}],"wp:featuredmedia":[{"embeddable":true,"href":"https:\/\/switzerland.wordcamp.org\/2023\/wp-json\/wp\/v2\/media\/3745"}],"wp:attachment":[{"href":"https:\/\/switzerland.wordcamp.org\/2023\/wp-json\/wp\/v2\/media?parent=3553"}],"curies":[{"name":"wp","href":"https:\/\/api.w.org\/{rel}","templated":true}]}}