{"id":650,"date":"2022-11-25T09:00:00","date_gmt":"2022-11-25T08:00:00","guid":{"rendered":"https:\/\/switzerland.wordcamp.org\/2023\/?page_id=650"},"modified":"2023-02-27T12:41:33","modified_gmt":"2023-02-27T11:41:33","slug":"call-for-sponsors","status":"publish","type":"page","link":"https:\/\/switzerland.wordcamp.org\/2023\/de\/helfen\/call-for-sponsors\/","title":{"rendered":"Aufruf f\u00fcr Sponsoren"},"content":{"rendered":"\n<div class=\"wp-block-group has-small-font-size is-content-justification-left is-nowrap is-layout-flex wp-container-core-group-is-layout-fc9f69e7 wp-block-group-is-layout-flex\">\n<p><a href=\"https:\/\/switzerland.wordcamp.org\/2023\/fr\/contribuer\/appel-a-sponsors\/\" data-type=\"page\" data-id=\"633\">En fran\u00e7ais<\/a><\/p>\n\n\n\n<p><a href=\"https:\/\/switzerland.wordcamp.org\/2023\/contribute\/call-for-sponsors\/\" data-type=\"page\" data-id=\"299\">In English<\/a><\/p>\n<\/div>\n\n\n\n<div class=\"wp-block-columns alignwide is-layout-flex wp-container-core-columns-is-layout-66fad18a wp-block-columns-is-layout-flex\">\n<div class=\"wp-block-column is-layout-flow wp-block-column-is-layout-flow\" style=\"flex-basis:66.66%\">\n<p class=\"has-background-color has-vivid-red-background-color has-text-color has-background has-link-color wp-elements-2c0c1216035f00d797618ffd7c9821e0\"><strong>Die Frist f\u00fcr Sponsoren-Anfragen ist vor\u00fcber. Bitte <a href=\"https:\/\/switzerland.wordcamp.org\/2023\/de\/kontakt\/\" data-type=\"page\" data-id=\"667\">kontaktiere uns<\/a> f\u00fcr weitere Informationen.<\/strong><\/p>\n\n\n\n<p>WordCamps sind nicht gewinnorientierte Veranstaltungen (non profit), die von Community-Mitgliedern auf freiwilliger Basis organisiert werden. Regelm\u00e4ssige <a href=\"https:\/\/www.meetup.com\/pro\/wordpress\">Treffen<\/a> in Schweizer St\u00e4dten wie <a href=\"https:\/\/www.meetup.com\/WordPress-Baden\/\">Baden<\/a>, <a href=\"https:\/\/www.meetup.com\/de-DE\/WordPress-Bern\/\">Bern<\/a>, <a href=\"https:\/\/www.meetup.com\/WebDev-Chur\/\">Chur<\/a>, <a href=\"https:\/\/www.meetup.com\/Fribourg-WordPress-Meetup\/\">Freiburg<\/a>, <a href=\"https:\/\/www.meetup.com\/geneva-wordpress\/\">Genf<\/a>, <a href=\"https:\/\/www.meetup.com\/Lausanne-WordPress-Meetup\/\">Lausanne<\/a>, <a href=\"https:\/\/www.meetup.com\/WordPress-WooCommerce-Meetup-Luzern-by-webkinder-ch\/\">Luzern<\/a>, <a href=\"https:\/\/www.meetup.com\/Lugano-WordPress-Meetup\/\">Lugano<\/a>, <a href=\"https:\/\/www.meetup.com\/WordPress-Neuchatel\/\">Neuch\u00e2tel<\/a>, <a rel=\"noreferrer noopener\" href=\"https:\/\/www.meetup.com\/Sion-WordPress-Meetup\/\" target=\"_blank\">Sion<\/a>, <a rel=\"noreferrer noopener\" href=\"https:\/\/www.meetup.com\/de-DE\/wordpress-st-gallen\/\" target=\"_blank\">St. Gallen<\/a> und <a href=\"https:\/\/www.meetup.com\/WordPress-Zurich\/\">Z\u00fcrich<\/a> tragen zur St\u00e4rkung der Community bei.<\/p>\n\n\n\n<p>Schweizer WordCamps bieten allen die M\u00f6glichkeit, sich zu beteiligen, Ideen auszutauschen, sich besser kennenzulernen und Wissen zur Verbesserung von WordPress und WordPress-Seiten zu teilen.<\/p>\n\n\n\n<p>Als Sponsor des WordCamp Switzerland 2023 hast du die M\u00f6glichkeit, dein Unternehmen in der WordPress-Community zu pr\u00e4sentieren und Eure Produkte den WordCamp-Teilnehmern zu vorzustellen.<\/p>\n\n\n\n<p>Wir erwarten zwischen 200 und 250 Teilnehmende.<\/p>\n\n\n\n<h2 class=\"wp-block-heading has-x-large-font-size\" id=\"niveaux-de-sponsoring\">Sponsoring-Stufen<\/h2>\n\n\n\n<p>Um das WordCamp Switzerland 2023 zu einem Erfolg werden zu lassen, suchen wir Sponsoren in den folgenden Kategorien.<\/p>\n\n\n\n<h3 class=\"wp-block-heading has-large-font-size\" id=\"or-chf-2000\">Gold: CHF 2000<\/h3>\n\n\n\n<ul class=\"wp-block-list\">\n<li>4 Eintrittskarten inklusive<\/li>\n\n\n\n<li>Firmenname, Logo, Link und Beschreibung (gross, maximal 1200 Zeichen) auf der WordCamp Switzerland Website<\/li>\n\n\n\n<li>Individuelle Erw\u00e4hnung und Danksagung w\u00e4hrend der Er\u00f6ffnungs- und Abschlussrede<\/li>\n\n\n\n<li>Grosser individueller Platz f\u00fcr einen Sponsorentisch, um mit den Teilnehmern zu plaudern und Ihre Goodies zu verteilen<\/li>\n\n\n\n<li>Dein Logo auf den Bildschirmen zwischen den Pr\u00e4sentationen (gross)<\/li>\n\n\n\n<li>Essen f\u00fcr 4 Personen w\u00e4hrend des Pre-Conference-Events am Freitag<\/li>\n\n\n\n<li>Individuelles Sponsorendankesch\u00f6n, geteilt in den sozialen Medien<\/li>\n<\/ul>\n\n\n\n<h3 class=\"wp-block-heading has-large-font-size\" id=\"argent-chf-1000\">Silver: CHF 1000<\/h3>\n\n\n\n<ul class=\"wp-block-list\">\n<li>2 Eintrittskarten inklusive<\/li>\n\n\n\n<li>Firmenname, Logo, Link und Beschreibung (durchschnittlich, maximal 800 Zeichen) auf der WordCamp Switzerland Website<\/li>\n\n\n\n<li>Erw\u00e4hnung und Danksagung w\u00e4hrend der Er\u00f6ffnungs- und Abschlussrede<\/li>\n\n\n\n<li>Mittelgrosser individueller Platz f\u00fcr einen Sponsorentisch, um mit den Teilnehmern zu plaudern und Ihre Goodies zu verteilen<\/li>\n\n\n\n<li>Dein Logo auf den Bildschirmen zwischen den Pr\u00e4sentationen (mittel)<\/li>\n\n\n\n<li>Essen f\u00fcr 2 Personen w\u00e4hrend des Pre-Conference-Events am Freitag<\/li>\n\n\n\n<li>Gruppen-Dankesposts von Sponsoren, die auf sozialen Medien geteilt werden<\/li>\n<\/ul>\n\n\n\n<h3 class=\"wp-block-heading has-large-font-size\" id=\"bronze-chf-500\">Bronze: CHF 500<\/h3>\n\n\n\n<ul class=\"wp-block-list\">\n<li>1 Ticket inklusive<\/li>\n\n\n\n<li>Firmenname, Logo, Link und Beschreibung (kurz, maximal 400 Zeichen) auf der Website von WordCamp Switzerland<\/li>\n\n\n\n<li>Danksagung w\u00e4hrend der Er\u00f6ffnungs- und Schlussrede<\/li>\n\n\n\n<li>Gemeinsamer Tisch f\u00fcr alle Bronze-Sponsoren zum Verteilen ihrer Goodies<\/li>\n\n\n\n<li>Dein Logo auf den Bildschirmen zwischen den Pr\u00e4sentationen (klein)<\/li>\n\n\n\n<li>Mahlzeit f\u00fcr 1 Person w\u00e4hrend des Pre-Conference-Events am Freitag<\/li>\n\n\n\n<li>Gemeinsame Danksagung der Sponsoren, die in den sozialen Medien geteilt wird<\/li>\n<\/ul>\n\n\n\n<h3 class=\"wp-block-heading has-large-font-size\" id=\"micro-chf-150\">Micro: CHF 150<\/h3>\n\n\n\n<ul class=\"wp-block-list\">\n<li>1 Ticket inbegriffen, kaufbar auf der <a href=\"https:\/\/switzerland.wordcamp.org\/2023\/de\/ticketverkauf\/\" data-type=\"page\" data-id=\"1823\">Ticket-Bestellseite<\/a> f\u00fcr CHF 150.-<\/li>\n\n\n\n<li>Logo und Link auf der Website des WordCamp Switzerland<\/li>\n\n\n\n<li>Erw\u00e4hnung und Danksagung im Rahmen der Er\u00f6ffnungs- und Abschlussrede<\/li>\n<\/ul>\n\n\n\n<h3 class=\"wp-block-heading has-large-font-size\" id=\"en-nature\">G\u00f6nner<\/h3>\n\n\n\n<ul class=\"wp-block-list\">\n<li>Du sponserst eine Aktivit\u00e4t oder bietest eine Dienstleistung auf der Konferenz an<\/li>\n\n\n\n<li>Dein Logo wird zwischen den Vortr\u00e4gen projiziert (Gr\u00f6sse abh\u00e4ngig vom Sponsoringwert)<\/li>\n<\/ul>\n\n\n\n<h2 class=\"wp-block-heading has-x-large-font-size\" id=\"interesse-e\">Interessiert?<\/h2>\n\n\n\n<p>Wenn dein Unternehmen diese Open-Source-Veranstaltung unterst\u00fctzen m\u00f6chte, f\u00fclle bitte das nachstehende Formular aus. Falls du vorab noch Fragen hast, <a href=\"https:\/\/switzerland.wordcamp.org\/2023\/contact\/\">kontaktiere uns<\/a> f\u00fcr weitere Informationen. Wir freuen uns auf deine Nachricht.<\/p>\n\n\n\n<p><strong>Bitte nehme dir einen Moment Zeit, um die <a href=\"https:\/\/switzerland.wordcamp.org\/2023\/de\/helfen\/vereinbarung\/\">Vereinbarung<\/a> zwischen WordCamp-Organisatoren, Rednern, Sponsoren und Freiwilligen zu lesen.<\/strong><\/p>\n<\/div>\n\n\n\n<div class=\"wp-block-column is-layout-flow wp-block-column-is-layout-flow\" style=\"flex-basis:33.33%\">\n<figure class=\"wp-block-image size-full\"><img loading=\"lazy\" decoding=\"async\" width=\"800\" height=\"450\" src=\"https:\/\/switzerland.wordcamp.org\/2023\/files\/2022\/11\/WordCamp-Sponsorship__5840964011367.png\" alt=\"Wapuu stickers\" class=\"wp-image-1004\" srcset=\"https:\/\/switzerland.wordcamp.org\/2023\/files\/2022\/11\/WordCamp-Sponsorship__5840964011367.png 800w, https:\/\/switzerland.wordcamp.org\/2023\/files\/2022\/11\/WordCamp-Sponsorship__5840964011367-300x169.png 300w, https:\/\/switzerland.wordcamp.org\/2023\/files\/2022\/11\/WordCamp-Sponsorship__5840964011367-768x432.png 768w, https:\/\/switzerland.wordcamp.org\/2023\/files\/2022\/11\/WordCamp-Sponsorship__5840964011367-500x281.png 500w\" sizes=\"auto, (max-width: 800px) 100vw, 800px\" \/><\/figure>\n<\/div>\n<\/div>\n\n\n\n<p><\/p>\n","protected":false},"excerpt":{"rendered":"<p>En fran\u00e7ais In English Die Frist f\u00fcr Sponsoren-Anfragen ist vor\u00fcber. Bitte kontaktiere uns f\u00fcr weitere Informationen. WordCamps sind nicht gewinnorientierte Veranstaltungen (non profit), die von Community-Mitgliedern auf freiwilliger Basis organisiert werden. Regelm\u00e4ssige Treffen in Schweizer St\u00e4dten wie Baden, Bern, Chur, Freiburg, Genf, Lausanne, Luzern, Lugano, Neuch\u00e2tel, Sion, St. Gallen und Z\u00fcrich tragen zur St\u00e4rkung der [&hellip;]<\/p>\n","protected":false},"author":5101522,"featured_media":154,"parent":642,"menu_order":0,"comment_status":"closed","ping_status":"closed","template":"wp-custom-template-german-page","meta":{"jetpack_post_was_ever_published":false,"footnotes":""},"class_list":["post-650","page","type-page","status-publish","has-post-thumbnail","hentry"],"jetpack_sharing_enabled":true,"_links":{"self":[{"href":"https:\/\/switzerland.wordcamp.org\/2023\/wp-json\/wp\/v2\/pages\/650","targetHints":{"allow":["GET"]}}],"collection":[{"href":"https:\/\/switzerland.wordcamp.org\/2023\/wp-json\/wp\/v2\/pages"}],"about":[{"href":"https:\/\/switzerland.wordcamp.org\/2023\/wp-json\/wp\/v2\/types\/page"}],"author":[{"embeddable":true,"href":"https:\/\/switzerland.wordcamp.org\/2023\/wp-json\/wp\/v2\/users\/5101522"}],"replies":[{"embeddable":true,"href":"https:\/\/switzerland.wordcamp.org\/2023\/wp-json\/wp\/v2\/comments?post=650"}],"version-history":[{"count":30,"href":"https:\/\/switzerland.wordcamp.org\/2023\/wp-json\/wp\/v2\/pages\/650\/revisions"}],"predecessor-version":[{"id":3958,"href":"https:\/\/switzerland.wordcamp.org\/2023\/wp-json\/wp\/v2\/pages\/650\/revisions\/3958"}],"up":[{"embeddable":true,"href":"https:\/\/switzerland.wordcamp.org\/2023\/wp-json\/wp\/v2\/pages\/642"}],"wp:featuredmedia":[{"embeddable":true,"href":"https:\/\/switzerland.wordcamp.org\/2023\/wp-json\/wp\/v2\/media\/154"}],"wp:attachment":[{"href":"https:\/\/switzerland.wordcamp.org\/2023\/wp-json\/wp\/v2\/media?parent=650"}],"curies":[{"name":"wp","href":"https:\/\/api.w.org\/{rel}","templated":true}]}}