{"id":949,"date":"2023-02-07T17:57:51","date_gmt":"2023-02-07T16:57:51","guid":{"rendered":"https:\/\/switzerland.wordcamp.org\/2023\/?page_id=949"},"modified":"2023-03-06T11:23:15","modified_gmt":"2023-03-06T10:23:15","slug":"aufruf-fur-freiwillige","status":"publish","type":"page","link":"https:\/\/switzerland.wordcamp.org\/2023\/de\/helfen\/aufruf-fur-freiwillige\/","title":{"rendered":"Aufruf f\u00fcr Freiwillige"},"content":{"rendered":"\n<div class=\"wp-block-group has-small-font-size is-content-justification-left is-nowrap is-layout-flex wp-container-core-group-is-layout-fc9f69e7 wp-block-group-is-layout-flex\">\n<p><a href=\"https:\/\/switzerland.wordcamp.org\/2023\/contribute\/call-for-volunteers\/\" data-type=\"page\">In English<\/a><\/p>\n\n\n\n<p><a href=\"https:\/\/switzerland.wordcamp.org\/2023\/fr\/contribuer\/appel-a-benevoles\/\" data-type=\"page\">En fran\u00e7ais<\/a><\/p>\n<\/div>\n\n\n\n<div class=\"wp-block-columns alignwide is-layout-flex wp-container-core-columns-is-layout-28f84493 wp-block-columns-is-layout-flex\">\n<div class=\"wp-block-column is-layout-flow wp-block-column-is-layout-flow\" style=\"flex-basis:66.66%\">\n<p class=\"has-background-color has-vivid-red-background-color has-text-color has-background has-link-color wp-elements-8f1249fca9046118f68cd901bf5160c6\"><strong>Die Frist f\u00fcr Freiwilligen-Anmeldungen ist vor\u00fcber. Bitte&nbsp;<a href=\"https:\/\/switzerland.wordcamp.org\/2023\/de\/kontakt\/\">kontaktiere uns<\/a>&nbsp;f\u00fcr weitere Informationen.<\/strong><\/p>\n\n\n\n<h2 class=\"wp-block-heading has-x-large-font-size\">Wir brauchen deine Hilfe!<\/h2>\n\n\n\n<p>Das WordCamp Switzerland ist auf Freiwillige angewiesen. Du hilfst mit, einen unvergesslichen Event f\u00fcr jeden einzelnen Teilnehmenden zu organisieren.<\/p>\n\n\n\n<p>W\u00e4hrend eines WordCamps gibt es Aufgaben in verschiedenen Bereichen. Da wir uns als Organisatoren nicht um alles selbst k\u00fcmmern k\u00f6nnen, sind wir auf die Unterst\u00fctzung von Freiwilligen angewiesen, um einen reibungslosen Ablauf der Veranstaltung zu gew\u00e4hrleisten.<\/p>\n\n\n\n<p>Wir freuen uns sowohl auf erfahrene Volunteers als auch auf solche, die zum ersten Mal dabei sind &#8211; beides ist v\u00f6llig in Ordnung! Erfahrungsgem\u00e4ss ist die freiwillige Mitarbeit bei einer solchen internationalen Veranstaltung eine grossartige Gelegenheit, neue Leute kennenzulernen und mit der WordPress-Community in Kontakt zu treten. Du wirst nicht am Rand stehen, sondern mittendrin, wo die Magie passiert.<\/p>\n\n\n\n<h2 class=\"wp-block-heading has-x-large-font-size\">Was wird von einem Freiwilligen erwartet?<\/h2>\n\n\n\n<p>Freiwillige sollten freundliche, hilfsbereite und zuverl\u00e4ssige Menschen sein, die gerne mit anpacken.<\/p>\n\n\n\n<h2 class=\"wp-block-heading has-x-large-font-size\">Welche Aufgaben werden von den Freiwilligen erledigt?<\/h2>\n\n\n\n<p>Ein WordCamp braucht helfende H\u00e4nde in den folgenden Bereichen:<\/p>\n\n\n\n<ul class=\"wp-block-list\">\n<li>Registrierung: Melde die Teilnehmer an, wenn sie ankommen;<\/li>\n\n\n\n<li>Swag-Station: Verteile Werbegeschenke an die Teilnehmerinnen und Teilnehmer;<\/li>\n\n\n\n<li>Fotografie: Fotografiere die Veranstaltung;<\/li>\n\n\n\n<li>Zeitmessung: Informiere die Redner \u00fcber die verbleibende Zeit w\u00e4hrend ihres Vortrags;<\/li>\n\n\n\n<li>Begr\u00fcsse die Teilnehmer am Veranstaltungsort, beantworte ihre Fragen und f\u00fchre sie durch den Veranstaltungsort;<\/li>\n\n\n\n<li>Mic Runner: \u00dcbergabe des Mikrofons an das Publikum w\u00e4hrend der Fragerunden;<\/li>\n\n\n\n<li>Raumbeobachter: Achte darauf, dass der Raum nicht \u00fcberf\u00fcllt ist und vermeide unn\u00f6tigen L\u00e4rm, wenn Teilnehmer den Raum w\u00e4hrend des Vortrags betreten oder verlassen.<\/li>\n<\/ul>\n\n\n\n<h2 class=\"wp-block-heading has-x-large-font-size\">Was bringt es mir, wenn ich mich freiwillig melde?<\/h2>\n\n\n\n<p>Eine Menge Dankbarkeit, so viel ist sicher. Auch wenn es Situationen geben wird, in denen deine Bem\u00fchungen nicht direkt &#8220;honoriert&#8221; werden, wirst du bei der Veranstaltung eine grossartige Erfahrung machen, indem du hilfst, sie einwandfrei durchzuf\u00fchren. Falls du ein wordpress.org-Profil hast, bekommst du dort auch ein Abzeichen und wirst wahrscheinlich viele neue Kontakte und neue Freunde gewinnen.<\/p>\n\n\n\n<p><em>Bitte nimm dir einen Moment Zeit, um die <a href=\"https:\/\/make.wordpress.org\/community\/handbook\/wordcamp-organizer\/first-steps\/helpful-documents-and-templates\/agreement-among-wordcamp-organizers-speakers-sponsors-and-volunteers\/\">Vereinbarung<\/a> zwischen den WordCamp-Organisatoren, Rednern, Sponsoren und Freiwilligen zu lesen<\/em>.<\/p>\n<\/div>\n\n\n\n<div class=\"wp-block-column is-layout-flow wp-block-column-is-layout-flow\" style=\"flex-basis:33.33%\">\n<figure class=\"wp-block-image size-large\"><img loading=\"lazy\" decoding=\"async\" width=\"1024\" height=\"576\" src=\"https:\/\/switzerland.wordcamp.org\/2023\/files\/2022\/11\/volunteers-1024x576.jpeg\" alt=\"\" class=\"wp-image-945\" srcset=\"https:\/\/switzerland.wordcamp.org\/2023\/files\/2022\/11\/volunteers-1024x576.jpeg 1024w, https:\/\/switzerland.wordcamp.org\/2023\/files\/2022\/11\/volunteers-300x169.jpeg 300w, https:\/\/switzerland.wordcamp.org\/2023\/files\/2022\/11\/volunteers-768x432.jpeg 768w, https:\/\/switzerland.wordcamp.org\/2023\/files\/2022\/11\/volunteers-500x281.jpeg 500w, https:\/\/switzerland.wordcamp.org\/2023\/files\/2022\/11\/volunteers-1536x864.jpeg 1536w, https:\/\/switzerland.wordcamp.org\/2023\/files\/2022\/11\/volunteers.jpeg 1920w\" sizes=\"auto, (max-width: 1024px) 100vw, 1024px\" \/><\/figure>\n<\/div>\n<\/div>\n","protected":false},"excerpt":{"rendered":"<p>In English En fran\u00e7ais Die Frist f\u00fcr Freiwilligen-Anmeldungen ist vor\u00fcber. Bitte&nbsp;kontaktiere uns&nbsp;f\u00fcr weitere Informationen. Wir brauchen deine Hilfe! Das WordCamp Switzerland ist auf Freiwillige angewiesen. Du hilfst mit, einen unvergesslichen Event f\u00fcr jeden einzelnen Teilnehmenden zu organisieren. W\u00e4hrend eines WordCamps gibt es Aufgaben in verschiedenen Bereichen. Da wir uns als Organisatoren nicht um alles selbst [&hellip;]<\/p>\n","protected":false},"author":5101522,"featured_media":995,"parent":642,"menu_order":0,"comment_status":"closed","ping_status":"closed","template":"wp-custom-template-german-page","meta":{"jetpack_post_was_ever_published":false,"footnotes":""},"class_list":["post-949","page","type-page","status-publish","has-post-thumbnail","hentry"],"jetpack_sharing_enabled":true,"_links":{"self":[{"href":"https:\/\/switzerland.wordcamp.org\/2023\/wp-json\/wp\/v2\/pages\/949","targetHints":{"allow":["GET"]}}],"collection":[{"href":"https:\/\/switzerland.wordcamp.org\/2023\/wp-json\/wp\/v2\/pages"}],"about":[{"href":"https:\/\/switzerland.wordcamp.org\/2023\/wp-json\/wp\/v2\/types\/page"}],"author":[{"embeddable":true,"href":"https:\/\/switzerland.wordcamp.org\/2023\/wp-json\/wp\/v2\/users\/5101522"}],"replies":[{"embeddable":true,"href":"https:\/\/switzerland.wordcamp.org\/2023\/wp-json\/wp\/v2\/comments?post=949"}],"version-history":[{"count":15,"href":"https:\/\/switzerland.wordcamp.org\/2023\/wp-json\/wp\/v2\/pages\/949\/revisions"}],"predecessor-version":[{"id":4054,"href":"https:\/\/switzerland.wordcamp.org\/2023\/wp-json\/wp\/v2\/pages\/949\/revisions\/4054"}],"up":[{"embeddable":true,"href":"https:\/\/switzerland.wordcamp.org\/2023\/wp-json\/wp\/v2\/pages\/642"}],"wp:featuredmedia":[{"embeddable":true,"href":"https:\/\/switzerland.wordcamp.org\/2023\/wp-json\/wp\/v2\/media\/995"}],"wp:attachment":[{"href":"https:\/\/switzerland.wordcamp.org\/2023\/wp-json\/wp\/v2\/media?parent=949"}],"curies":[{"name":"wp","href":"https:\/\/api.w.org\/{rel}","templated":true}]}}