{"id":878,"date":"2026-04-21T22:54:21","date_gmt":"2026-04-21T20:54:21","guid":{"rendered":"https:\/\/switzerland.wordcamp.org\/2026\/?page_id=878"},"modified":"2026-04-22T12:13:38","modified_gmt":"2026-04-22T10:13:38","slug":"neueste-news","status":"publish","type":"page","link":"https:\/\/switzerland.wordcamp.org\/2026\/de\/neueste-news\/","title":{"rendered":"Neueste News"},"content":{"rendered":"\n<div class=\"wp-block-group is-style-section-1 has-global-padding is-layout-constrained wp-block-group-is-layout-constrained is-style-section-1--1\">\n<h2 class=\"wp-block-heading\">Neueste News<\/h2>\n\n\n\n<div class=\"wp-block-query is-layout-flow wp-block-query-is-layout-flow\"><ul class=\"wp-block-post-template is-layout-flow wp-block-post-template-is-layout-flow\"><li class=\"wp-block-post post-1002 post type-post status-publish format-standard has-post-thumbnail hentry category-deutsch\">\n\n<div class=\"wp-block-group c-postcard has-global-padding is-layout-constrained wp-container-core-group-is-layout-9afc0cc4 wp-block-group-is-layout-constrained\"><figure style=\"aspect-ratio:1;\" class=\"wp-block-post-featured-image\"><a href=\"https:\/\/switzerland.wordcamp.org\/2026\/04\/aufruf-fur-organisatorinnen\/\" target=\"_self\"  ><img loading=\"lazy\" decoding=\"async\" width=\"1200\" height=\"683\" src=\"https:\/\/switzerland.wordcamp.org\/2026\/files\/2026\/04\/WC_Switzerland_2026_call_for_organisers.jpg\" class=\"attachment-post-thumbnail size-post-thumbnail wp-post-image\" alt=\"Aufruf f\u00fcr Organisator:innen\" style=\"width:100%;height:100%;object-fit:cover;\" srcset=\"https:\/\/switzerland.wordcamp.org\/2026\/files\/2026\/04\/WC_Switzerland_2026_call_for_organisers.jpg 1200w, https:\/\/switzerland.wordcamp.org\/2026\/files\/2026\/04\/WC_Switzerland_2026_call_for_organisers-300x171.jpg 300w, https:\/\/switzerland.wordcamp.org\/2026\/files\/2026\/04\/WC_Switzerland_2026_call_for_organisers-1024x583.jpg 1024w, https:\/\/switzerland.wordcamp.org\/2026\/files\/2026\/04\/WC_Switzerland_2026_call_for_organisers-768x437.jpg 768w, https:\/\/switzerland.wordcamp.org\/2026\/files\/2026\/04\/WC_Switzerland_2026_call_for_organisers-500x285.jpg 500w\" sizes=\"auto, (max-width: 1200px) 100vw, 1200px\" \/><\/a><\/figure>\n\n\n<div class=\"wp-block-group has-global-padding is-layout-constrained wp-block-group-is-layout-constrained\">\n<div class=\"wp-block-group has-global-padding is-layout-constrained wp-container-core-group-is-layout-4a221afa wp-block-group-is-layout-constrained\"><h3 style=\"font-style:normal;font-weight:500;\" class=\"has-link-color wp-elements-2b8a5611c6a9f12c6d62cd19860eba19 wp-block-post-title has-large-font-size\"><a href=\"https:\/\/switzerland.wordcamp.org\/2026\/04\/aufruf-fur-organisatorinnen\/\" target=\"_self\" >Aufruf f\u00fcr Organisator:innen<\/a><\/h3>\n\n<div class=\"has-link-color wp-elements-b91387576976b77442c9b291be0b53f2 wp-block-post-date has-text-color has-accent-4-color\"><time datetime=\"2026-04-04T16:09:35.597Z\">04.04.2026<\/time><\/div><\/div>\n\n\n<div class=\"wp-block-post-excerpt\"><p class=\"wp-block-post-excerpt__excerpt\">Hast du schon immer davon getr\u00e4umt, ein WordCamp zu organisieren? Oder hast du bereits an der Organisation eines solchen Events mitgewirkt und m\u00f6chtest nun ein neues Team unterst\u00fctzen? Dann z\u00f6gere nicht, Kontakt mit uns aufzunehmen! F\u00fcr das WordCamp Switzerland, das am 11. und 12. September 2026 im Centre Loewenberg in Murten stattfindet, suchen wir zwei&hellip;<\/p><p class=\"wp-block-post-excerpt__more-text\"><a class=\"wp-block-post-excerpt__more-link\" href=\"https:\/\/switzerland.wordcamp.org\/2026\/04\/aufruf-fur-organisatorinnen\/\">Weiterlesen<\/a><\/p><\/div><\/div>\n<\/div>\n\n<\/li><li class=\"wp-block-post post-884 post type-post status-publish format-standard has-post-thumbnail hentry category-deutsch\">\n\n<div class=\"wp-block-group c-postcard has-global-padding is-layout-constrained wp-container-core-group-is-layout-9afc0cc4 wp-block-group-is-layout-constrained\"><figure style=\"aspect-ratio:1;\" class=\"wp-block-post-featured-image\"><a href=\"https:\/\/switzerland.wordcamp.org\/2026\/04\/centre-loewenberg-wir-kommen-wieder\/\" target=\"_self\"  ><img loading=\"lazy\" decoding=\"async\" width=\"1024\" height=\"539\" src=\"https:\/\/switzerland.wordcamp.org\/2026\/files\/2026\/04\/95450727-1.jpg\" class=\"attachment-post-thumbnail size-post-thumbnail wp-post-image\" alt=\"Centre Loewenberg, wir kommen wieder!\" style=\"width:100%;height:100%;object-fit:cover;\" srcset=\"https:\/\/switzerland.wordcamp.org\/2026\/files\/2026\/04\/95450727-1.jpg 1024w, https:\/\/switzerland.wordcamp.org\/2026\/files\/2026\/04\/95450727-1-300x158.jpg 300w, https:\/\/switzerland.wordcamp.org\/2026\/files\/2026\/04\/95450727-1-768x404.jpg 768w, https:\/\/switzerland.wordcamp.org\/2026\/files\/2026\/04\/95450727-1-500x263.jpg 500w\" sizes=\"auto, (max-width: 1024px) 100vw, 1024px\" \/><\/a><\/figure>\n\n\n<div class=\"wp-block-group has-global-padding is-layout-constrained wp-block-group-is-layout-constrained\">\n<div class=\"wp-block-group has-global-padding is-layout-constrained wp-container-core-group-is-layout-4a221afa wp-block-group-is-layout-constrained\"><h3 style=\"font-style:normal;font-weight:500;\" class=\"has-link-color wp-elements-2b8a5611c6a9f12c6d62cd19860eba19 wp-block-post-title has-large-font-size\"><a href=\"https:\/\/switzerland.wordcamp.org\/2026\/04\/centre-loewenberg-wir-kommen-wieder\/\" target=\"_self\" >Centre Loewenberg, wir kommen wieder!<\/a><\/h3>\n\n<div class=\"has-link-color wp-elements-b91387576976b77442c9b291be0b53f2 wp-block-post-date has-text-color has-accent-4-color\"><time datetime=\"2026-04-04T16:09:35.597Z\">04.04.2026<\/time><\/div><\/div>\n\n\n<div class=\"wp-block-post-excerpt\"><p class=\"wp-block-post-excerpt__excerpt\">Nach dem WordCamp Switzerland 2023 und dem Switzerland Community Day 2024 kehren wir am 11.\u201312. September an diesen wundersch\u00f6nen Ort zur\u00fcck \u2013 f\u00fcr das WordCamp Schweiz 2026! Das Centre Loewenberg liegt direkt ausserhalb von Murten, genau auf der Sprachgrenze zwischen der Deutsch- und Westschweiz. Die Anlage befindet sich in einem Park, bietet Verpflegung und \u00dcbernachtung&hellip;<\/p><p class=\"wp-block-post-excerpt__more-text\"><a class=\"wp-block-post-excerpt__more-link\" href=\"https:\/\/switzerland.wordcamp.org\/2026\/04\/centre-loewenberg-wir-kommen-wieder\/\">Weiterlesen<\/a><\/p><\/div><\/div>\n<\/div>\n\n<\/li><\/ul>\n\n\n\n<\/div>\n\n\n\n<div class=\"wp-block-buttons is-content-justification-center is-layout-flex wp-container-core-buttons-is-layout-c003ea9f wp-block-buttons-is-layout-flex\" style=\"margin-top:var(--wp--preset--spacing--60)\">\n<div class=\"wp-block-button\"><a class=\"wp-block-button__link has-custom-secondary-background-color has-background wp-element-button\" href=\"#news-via-email\">Via E-Mail abonnieren<\/a><\/div>\n<\/div>\n<\/div>\n","protected":false},"excerpt":{"rendered":"<p>Neueste News<\/p>\n","protected":false},"author":5101522,"featured_media":274,"parent":655,"menu_order":0,"comment_status":"closed","ping_status":"closed","template":"page-de","meta":{"_crdt_document":"{\"document\":\"AAAssoLhwx3L8sr5HPMBvu3dlQ+L8sr5HL7t3ZUPy\/LK+RwCgpul0QrL8sr5HAPaAQcAAgUAAgaqBQYCBAMAqggCBAagAga0FIAEBBACpgGOBgwCCgUABrICAAYCAQIKAQBKEgIBAgoCBgIEAwBSSgAoAQIKAQFKFAIBAwxMIAECCgBKEAIBBA4BAgpKABABA3A+AQMMAgECCgEASsIClgIBAgoAShACAQIKAQEIBgMAXAAmAQIKAQEIDAIKBAIGbErOOgUAAgSYO9g7uDUUEgQCEBQCigUBAQgASNQF1DEIBAKsCKwCmiTENkKkORIWAg4sAgioAgLCEwK0BxwKqgnAPYYPBrgq3g8EKwkABQACmjvABQgEAoIBUugxCAQCrAisAqAoAh4cAtAQArQHHArQJAaaGwS1AigAIQInAAEAhAKBAScABACBAIQCgQCEAIEAhAKBAIQAgQSEAIEAhACBAIQAgQCEAScAKAMhACcAKAEnAAcAIQAoAicAKAInAAcAIQAoAicBAQCEAoEAhAAoACcAhwAhACgCJwAoACEAKAEnAAcAIQAoAicBAQAAAIcAKAMnACgBJwAHACgDJwGHACgDJwAoACcAhwAoAycBhwAoAycBBwAoAycBKAEnAIcAIQAoAicAKAEnAAcAIQAoAicAKAEhACcABACEAIEAhAAnAIcAIQAoAicAKAInAAEAhACBAIQAgQGEACgAJwBEAMQBwQGBAIQAxACoAUQAxAKoAMEAAACoAEcAKAInACgBJwChAMQFqAIoAqgBxAGoAEQAxAGEAIEAhADBAcQCIQChAKgAxAEhAKgAwYwYuxZzdGF0ZXZlcnNpb25zdGF0ZXZlcnNpb25kb2N1bWVudGRhdGVkb2N1bWVudHN0YXR1c2RvY3VtZW50dGl0bGVlc3QgTmRvY3VtZW50Y29udGVudDwhLS0gd3A6Z3JvdXAgeyJjbGFzc05hbWUiOiJpcy1zdHlsZS1zZWN0aW9uLTEiLCJsYXlvdXQiOnsidHlwZSI6ImNvbnN0cmFpbmVkIn19IC0tPgo8ZGl2IGNsYXNzPSJ3cC1ibG9jay1ncm91cCBpcy1zdHlsZS1zZWN0aW9uLTEiPjwhLS0gd3A6aGVhZGluZyAtLT4KPGgyIGNsYXNzPSJ3cC1ibG9jay1oZWFkaW5nIj5lc3QgZXdzPC9oMj4KPCEtLSAvd3A6aGVhZGluZyAtLT4KCjwhLS0gd3A6cXVlcnkgeyJxdWVyeUlkIjowLCJxdWVyeSI6eyJwZXJQYWdlIjoxMiwicGFnZXMiOjAsIm9mZnNldCI6MCwicG9zdFR5cGUiOiJwb3N0Iiwib3JkZXIiOiJkZXNjIiwib3JkZXJCeSI6ImRhdGUiLCJhdXRob3IiOiIiLCJzZWFyY2giOiIiLCJleGNsdWRlIjpbXSwic3RpY2t5IjoiIiwiaW5oZXJpdCI6ZmFsc2UsInBhcmVudHMiOltdLCJmb3JtYXQiOltdLCJ0YXhRdWVyeSI6eyJpbmNsdWRlIjp7ImNhdGVnb3J5IjpbMl19fX19IC0tPgo8ZGl2IGNsYXNzPSJ3cC1ibG9jay1xdWVyeSI+PCEtLSB3cDpwb3N0LXRlbXBsYXRlIC0tPgo8IS0tIHdwOmJsb2NrIHsicmVmIjp9IC8tLT4KPCEtLSAvd3A6cG9zdC10ZW1wbGF0ZSAtLT4KCjwhLS0gd3A6cXVlcnktcGFnaW5hdGlvbiAtLT4KPCEtLSB3cDpxdWVyeS1wYWdpbmF0aW9uLXByZXZpb3VzIC8tLT4KCjwhLS0gd3A6cXVlcnktcGFnaW5hdGlvbi1udW1iZXJzIC8tLT4KCjwhLS0gd3A6cXVlcnktcGFnaW5hdGlvbi1uZXh0IC8tLT4KPCEtLSAvd3A6cXVlcnktcGFnaW5hdGlvbiAtLT4KCjwhLS0gd3A6cXVlcnktbm8tcmVzdWx0cyAtLT4KPCEtLSB3cDpwYXJhZ3JhcGggeyJwbGFjZWhvbGRlciI6IkFkZCB0ZXh0IG9yIGJsb2NrcyB0aGF0IHdpbGwgZGlzcGxheSB3aGVuIGEgcXVlcnkgcmV0dXJucyBubyByZXN1bHRzLiJ9IC0tPgo8cD48L3A+CjwhLS0gL3dwOnBhcmFncmFwaCAtLT4KPCEtLSAvd3A6cXVlcnktbm8tcmVzdWx0cyAtLT48L2Rpdj4KPCEtLSAvd3A6cXVlcnkgLS0+Cgo8IS0tIHdwOmJ1dHRvbnMgeyJzdHlsZSI6eyJzcGFjaW5nIjp7Im1hcmdpbiI6eyJ0b3AiOiJ2YXI6cHJlc2V0fHNwYWNpbmd8NjAifX19LCJsYXlvdXQiOnsidHlwZSI6ImZsZXgiLCJqdXN0aWZ5Q29udGVudCI6ImNlbnRlciJ9fSAtLT4KPGRpdiBjbGFzcz0id3AtYmxvY2stYnV0dG9ucyIgc3R5bGU9Im1hcmdpbi10b3A6dmFyKC0td3AtLXByZXNldC0tc3BhY2luZy0tNjApIj48IS0tIHdwOmJ1dHRvbiB7ImJhY2tncm91bmRDb2xvciI6ImN1c3RvbS1zZWNvbmRhcnkifSAtLT4KPGRpdiBjbGFzcz0id3AtYmxvY2stYnV0dG9uIj48YSBjbGFzcz0id3AtYmxvY2stYnV0dG9uX19saW5rIGhhcy1jdXN0b20tc2Vjb25kYXJ5LWJhY2tncm91bmQtY29sb3IgaGFzLWJhY2tncm91bmQgd3AtZWxlbWVudC1idXR0b24iIGhyZWY9IiNuZXdzLXZpYS1lbWFpbCI+aWEgYWlsPC9hPjwvZGl2Pgo8IS0tIC93cDpidXR0b24gLS0+PC9kaXY+CjwhLS0gL3dwOmJ1dHRvbnMgLS0+PC9kaXY+CjwhLS0gL3dwOmdyb3VwIC0tPmRvY3VtZW50ZXhjZXJwdGRvY3VtZW50YXV0aG9yZG9jdW1lbnRmZWF0dXJlZF9tZWRpYWRvY3VtZW50Y29tbWVudF9zdGF0dXNkb2N1bWVudHBpbmdfc3RhdHVzZG9jdW1lbnR0ZW1wbGF0ZWRvY3VtZW50bWV0YWpldHBhY2tfcG9zdF93YXNfZXZlcl9wdWJsaXNoZWRmb290bm90ZXNkb2N1bWVudGJsb2Nrc2NsaWVudElkaXNWYWxpZG9yaWdpbmFsQ29udGVudG5hbWVhdHRyaWJ1dGVzdGFnTmFtZWNsYXNzTmFtZWxheW91dGlubmVyQmxvY2tzY2xpZW50SWRpc1ZhbGlkb3JpZ2luYWxDb250ZW50bmFtZWF0dHJpYnV0ZXNjb250ZW50ZXN0IGV3c2xldmVsaW5uZXJCbG9ja3NjbGllbnRJZGlzVmFsaWRvcmlnaW5hbENvbnRlbnRuYW1lYXR0cmlidXRlc3F1ZXJ5SWRxdWVyeXRhZ05hbWVlbmhhbmNlZFBhZ2luYXRpb25pbm5lckJsb2Nrc2NsaWVudElkaXNWYWxpZG9yaWdpbmFsQ29udGVudG5hbWVhdHRyaWJ1dGVzaW5uZXJCbG9ja3NjbGllbnRJZGlzVmFsaWRvcmlnaW5hbENvbnRlbnRuYW1lYXR0cmlidXRlc3BhZ2luYXRpb25BcnJvd3Nob3dMYWJlbGlubmVyQmxvY2tzY2xpZW50SWRpc1ZhbGlkb3JpZ2luYWxDb250ZW50bmFtZWF0dHJpYnV0ZXNpbm5lckJsb2Nrc2NsaWVudElkaXNWYWxpZG9yaWdpbmFsQ29udGVudG5hbWVhdHRyaWJ1dGVzbWlkU2l6ZWlubmVyQmxvY2tzY2xpZW50SWRpc1ZhbGlkb3JpZ2luYWxDb250ZW50bmFtZWF0dHJpYnV0ZXNpbm5lckJsb2Nrc2NsaWVudElkaXNWYWxpZG9yaWdpbmFsQ29udGVudG5hbWVhdHRyaWJ1dGVzaW5uZXJCbG9ja3NjbGllbnRJZGlzVmFsaWRvcmlnaW5hbENvbnRlbnRuYW1lYXR0cmlidXRlc2NvbnRlbnRkcm9wQ2FwcGxhY2Vob2xkZXJpbm5lckJsb2Nrc2NsaWVudElkaXNWYWxpZG9yaWdpbmFsQ29udGVudG5hbWVhdHRyaWJ1dGVzc3R5bGVsYXlvdXRpbm5lckJsb2Nrc2NsaWVudElkaXNWYWxpZG9yaWdpbmFsQ29udGVudG5hbWVhdHRyaWJ1dGVzdGFnTmFtZXR5cGV1cmx0ZXh0QWxsIGV3c2lubmVyQmxvY2tzY2xpZW50SWRpc1ZhbGlkb3JpZ2luYWxDb250ZW50bmFtZWF0dHJpYnV0ZXN0YWdOYW1ldHlwZXVybHRleHRpYSBsYmFja2dyb3VuZENvbG9yaW5uZXJCbG9ja3NOdWVld3NlTnVlZU5jbGllbnRJZGlzVmFsaWRuYW1lYXR0cmlidXRlc3JlZmNvbnRlbnRpbm5lckJsb2Nrc051ZWVOODY1NmRvY3VtZW50c2x1Z3N0YXRlc2F2ZWRBdHN0YXRlc2F2ZWRCeWVOVkUtTWFpIGFib25uaWVyZW5WRS1NIGFib25uaWVyZW5zdGF0ZXZlcnNpb24sImV4Y2x1ZGUiOnsiY2F0ZWdvcnkiOlsyNywyOV19c3RhdGV2ZXJzaW9uBQcFBwgECAYIBQFCAAgHtQIBAgGVBAIDkAGaCocDAQIDkgEIBwgGCA4IDggLSAEEHwkIBggHDwQKBwkGCwgHDwQKBwECAQMFCwgHDwQKBwUHEgsIBw8ECgsIBw8ECg8JCwgHDwQKCwgHDwQKBwsIBw8ECgsIBw8ECgsIBw8ECkcASwAIBw8ECgUGCwgHDwQKBwQDBAMBAwsIBw8ECgcEAwQBAgEPCwECAQJBAAJBAAgHBAoDBwsBAkEBAwgEBQcFB0ECBAMIAQMLBQceAQUHEQEEAAABAAAAAQYAAQEAAHgBMkIBAQBBAABBAAIAQQAAQQAAQQAAQQAAQQAAQQAAQQAAQQACAEEAAEEAAgBBAAIAQQAAKkECAwECA0EAA4ACAggBMwYFAkEQA0ENCEEwBgUBAwEIQQQQQQQCQQ8DCAQBAH0B7gEAfZLf7gR9kgR3BmNsb3NlZHcGY2xvc2VkeXcAeHc5PGRpdiBjbGFzcz0id3AtYmxvY2stZ3JvdXAgaXMtc3R5bGUtc2VjdGlvbi0xIj4KCgoKPC9kaXY+dwpjb3JlL2dyb3VwdwNkaXZ3EmlzLXN0eWxlLXNlY3Rpb24tMXYBBHR5cGV3C2NvbnN0cmFpbmVkeHctPGgyIGNsYXNzPSJ3cC1ibG9jay1oZWFkaW5nIj5MYXRlc3QgbmV3czwvaDI+dwxjb3JlL2hlYWRpbmd9Anh3JjxkaXYgY2xhc3M9IndwLWJsb2NrLXF1ZXJ5Ij4KCgoKPC9kaXY+dwpjb3JlL3F1ZXJ5fQB3A2Rpdnl4dwB3EmNvcmUvcG9zdC10ZW1wbGF0ZXckN2EwYzQxMzAtZWMzNC00NzUxLWJhZmItYjE2NDBhYjJiMTczeHcAdxVjb3JlL3F1ZXJ5LXBhZ2luYXRpb253BG5vbmV4dyRlOTY2ZDdlZS00OThiLTQ5OTAtYWMwYi0yNTUzMjUwM2I2ODJ4dwB3HmNvcmUvcXVlcnktcGFnaW5hdGlvbi1wcmV2aW91c3ckYzM0NDE0ZDItYzkyZS00N2M0LWIyYzYtYTMyZDE2YzdhMmJmeHcAdx1jb3JlL3F1ZXJ5LXBhZ2luYXRpb24tbnVtYmVyc30CdyRhNmU0ZmVjMi03ZTUwLTQxNDktOGYyZS1kNGRiMmUyM2E3ZDd4dwB3GmNvcmUvcXVlcnktcGFnaW5hdGlvbi1uZXh0dyQ0NzliYzRiZi1iZGM2LTRhN2EtYjhmZi1hOGY2OTY0YTY2OWZ4dwB3FWNvcmUvcXVlcnktbm8tcmVzdWx0c3ckZjE0ZDA3NTQtZDg5Ni00ZTFmLWE2NTgtODU1MGIxNDFjODg4eHcHPHA+PC9wPncOY29yZS9wYXJhZ3JhcGh5d0VBZGQgdGV4dCBvciBibG9ja3MgdGhhdCB3aWxsIGRpc3BsYXkgd2hlbiBhIHF1ZXJ5IHJldHVybnMgbm8gcmVzdWx0cy54d1g8ZGl2IGNsYXNzPSJ3cC1ibG9jay1idXR0b25zIiBzdHlsZT0ibWFyZ2luLXRvcDp2YXIoLS13cC0tcHJlc2V0LS1zcGFjaW5nLS02MCkiPgoKPC9kaXY+dwxjb3JlL2J1dHRvbnN2AQdzcGFjaW5ndgEGbWFyZ2ludgEDdG9wdxV2YXI6cHJlc2V0fHNwYWNpbmd8NjB2AgR0eXBldwRmbGV4Dmp1c3RpZnlDb250ZW50dwZjZW50ZXJ4d5UBPGRpdiBjbGFzcz0id3AtYmxvY2stYnV0dG9uIj48YSBjbGFzcz0id3AtYmxvY2stYnV0dG9uX19saW5rIHdwLWVsZW1lbnQtYnV0dG9uIiBocmVmPSJodHRwczovL3N3aXR6ZXJsYW5kLndvcmRjYW1wLm9yZy8yMDI2L25ld3MvIj5BbGwgbmV3czwvYT48L2Rpdj53C2NvcmUvYnV0dG9udwFhdwZidXR0b254d7kBPGRpdiBjbGFzcz0id3AtYmxvY2stYnV0dG9uIj48YSBjbGFzcz0id3AtYmxvY2stYnV0dG9uX19saW5rIGhhcy1jdXN0b20tc2Vjb25kYXJ5LWJhY2tncm91bmQtY29sb3IgaGFzLWJhY2tncm91bmQgd3AtZWxlbWVudC1idXR0b24iIGhyZWY9IiNuZXdzLXZpYS1lbWFpbCI+U3Vic2NyaWJlIHZpYSBlbWFpbDwvYT48L2Rpdj53C2NvcmUvYnV0dG9udwFhdwZidXR0b253DyNuZXdzLXZpYS1lbWFpbHcQY3VzdG9tLXNlY29uZGFyeXckNGJiYjZlNjItY2Y3ZC00MTZjLWJiZGYtMzA1ZjA5ZWIwYTQ2dyQwMDk5NzkzMi05NDZjLTRhODAtOGVmMC01N2RmYjEyNDhhNTJ3JDRkYTU1YzkxLWJhMmUtNDAxMy04MDhiLWYwYTkwMWVjOWQ4YXckMmVlMmYyYmEtODc3My00MzIxLWI4MzgtMjAwNDZjNGVmZjExdyQwYWRkMTJlOC0zY2Q0LTRiMTEtODAyNy1jMjhiMWRkZmFkYzZ4dwpjb3JlL2Jsb2NrfZAKdQB3B3BhZ2UtZGV3B3B1Ymxpc2h3EzIwMjYtMDQtMjFUMjI6NTQ6MjF3DG5ldWVzdGUtbmV3c3tCedsdKWNAAHtB7PMrkWAAAHckYmMyMmQ3NmItNzUzOS00NzQzLWE3MTgtZDRiMjRkYjRlYTc2dyQ0ZGY3Y2YxNi03NjFkLTRmNWYtOThiOS00ZDAyYzkxMjhkNGN3JGIyYTkzMWIyLWYxZGQtNGY0NC04ZDRkLWUwNDgxZmFkNWI1YQUAdg4HcGVyUGFnZX0MBXBhZ2VzfQAGb2Zmc2V0fQAIcG9zdFR5cGV3BHBvc3QFb3JkZXJ3BGRlc2MHb3JkZXJCeXcEZGF0ZQZhdXRob3J3AAZzZWFyY2h3AAdleGNsdWRldQAGc3RpY2t5dwAHaW5oZXJpdHkHcGFyZW50c3UABmZvcm1hdHUACHRheFF1ZXJ5dgIHaW5jbHVkZXYBCGNhdGVnb3J5dQF9HAdleGNsdWRldgEIY2F0ZWdvcnl1An0bfR0EAHc2aHR0cHM6Ly9zd2l0emVybGFuZC53b3JkY2FtcC5vcmcvMjAyNi9kZS9uZXVlc3RlLW5ld3MvA4u55bwOIAACAQIFArYBAgQAlQIAVQKaBb0BxwEFAQQCAVoABQAJAAUCBAAGAAUABAAFCDEABxIBAAgFAQQCAwcJCxAJARACCgAIAf727soHAQABws3SqAUBAAw=\",\"updateId\":212962884}","jetpack_post_was_ever_published":false,"footnotes":""},"class_list":["post-878","page","type-page","status-publish","has-post-thumbnail","hentry"],"jetpack_sharing_enabled":true,"_links":{"self":[{"href":"https:\/\/switzerland.wordcamp.org\/2026\/wp-json\/wp\/v2\/pages\/878","targetHints":{"allow":["GET"]}}],"collection":[{"href":"https:\/\/switzerland.wordcamp.org\/2026\/wp-json\/wp\/v2\/pages"}],"about":[{"href":"https:\/\/switzerland.wordcamp.org\/2026\/wp-json\/wp\/v2\/types\/page"}],"author":[{"embeddable":true,"href":"https:\/\/switzerland.wordcamp.org\/2026\/wp-json\/wp\/v2\/users\/5101522"}],"replies":[{"embeddable":true,"href":"https:\/\/switzerland.wordcamp.org\/2026\/wp-json\/wp\/v2\/comments?post=878"}],"version-history":[{"count":5,"href":"https:\/\/switzerland.wordcamp.org\/2026\/wp-json\/wp\/v2\/pages\/878\/revisions"}],"predecessor-version":[{"id":924,"href":"https:\/\/switzerland.wordcamp.org\/2026\/wp-json\/wp\/v2\/pages\/878\/revisions\/924"}],"up":[{"embeddable":true,"href":"https:\/\/switzerland.wordcamp.org\/2026\/wp-json\/wp\/v2\/pages\/655"}],"wp:featuredmedia":[{"embeddable":true,"href":"https:\/\/switzerland.wordcamp.org\/2026\/wp-json\/wp\/v2\/media\/274"}],"wp:attachment":[{"href":"https:\/\/switzerland.wordcamp.org\/2026\/wp-json\/wp\/v2\/media?parent=878"}],"curies":[{"name":"wp","href":"https:\/\/api.w.org\/{rel}","templated":true}]}}